n 518 is divided by 102?
8
What is the remainder when 891 is divided by 179?
175
What is the remainder when 389 is divided by 9?
2
What is the remainder when 325 is divided by 24?
13
Calculate the remainder when 70 is divided by 11.
4
What is the remainder when 486 is divided by 56?
38
What is the remainder when 755 is divided by 23?
19
Calculate the remainder when 133 is divided by 44.
1
Calculate the remainder when 368 is divided by 21.
11
What is the remainder when 1325 is divided by 83?
80
Calculate the remainder when 536 is divided by 30.
26
Calculate the remainder when 526 is divided by 44.
42
What is the remainder when 1906 is divided by 949?
8
Calculate the remainder when 78 is divided by 17.
10
Calculate the remainder when 71 is divided by 13.
6
What is the remainder when 2048 is divided by 220?
68
Calculate the remainder when 1766 is divided by 54.
38
Calculate the remainder when 370 is divided by 75.
70
Calculate the remainder when 3009 is divided by 52.
45
Calculate the remainder when 2806 is divided by 60.
46
Calculate the remainder when 58 is divided by 1.
0
What is the remainder when 384 is divided by 127?
3
Calculate the remainder when 29 is divided by 15.
14
What is the remainder when 64 is divided by 49?
15
Calculate the remainder when 6252 is divided by 61.
30
What is the remainder when 143 is divided by 38?
29
What is the remainder when 105 is divided by 46?
13
Calculate the remainder when 480 is divided by 220.
40
Calculate the remainder when 873 is divided by 175.
173
What is the remainder when 1436 is divided by 131?
126
Calculate the remainder when 172 is divided by 45.
37
Calculate the remainder when 500 is divided by 208.
84
Calculate the remainder when 2296 is divided by 379.
22
Calculate the remainder when 144 is divided by 74.
70
What is the remainder when 246 is divided by 38?
18
What is the remainder when 153 is divided by 49?
6
Calculate the remainder when 594 is divided by 204.
186
Calculate the remainder when 4743 is divided by 49.
39
Calculate the remainder when 294 is divided by 38.
28
Calculate the remainder when 652 is divided by 203.
43
Calculate the remainder when 109 is divided by 4.
1
Calculate the remainder when 2655 is divided by 92.
79
What is the remainder when 232 is divided by 63?
43
What is the remainder when 248 is divided by 26?
14
What is the remainder when 19911 is divided by 262?
261
What is the remainder when 808 is divided by 45?
43
Calculate the remainder when 978 is divided by 70.
68
Calculate the remainder when 539 is divided by 98.
49
What is the remainder when 783 is divided by 131?
128
Calculate the remainder when 121 is divided by 48.
25
What is the remainder when 1219 is divided by 1?
0
What is the remainder when 1455 is divided by 466?
57
What is the remainder when 931 is divided by 135?
121
What is the remainder when 1636 is divided by 409?
0
What is the remainder when 65 is divided by 14?
9
Calculate the remainder when 1943 is divided by 646.
5
What is the remainder when 126 is divided by 8?
6
Calculate the remainder when 396 is divided by 103.
87
What is the remainder when 1014 is divided by 29?
28
Calculate the remainder when 301 is divided by 99.
4
What is the remainder when 13693 is divided by 128?
125
Calculate the remainder when 64 is divided by 55.
9
What is the remainder when 206 is divided by 8?
6
What is the remainder when 275 is divided by 36?
23
Calculate the remainder when 550 is divided by 137.
2
What is the remainder when 299 is divided by 60?
59
Calculate the remainder when 659 is divided by 35.
29
What is the remainder when 45 is divided by 28?
17
Calculate the remainder when 105 is divided by 29.
18
Calculate the remainder when 211 is divided by 18.
13
Calculate the remainder when 93 is divided by 16.
13
Calculate the remainder when 128 is divided by 73.
55
What is the remainder when 81 is divided by 10?
1
Calculate the remainder when 399 is divided by 142.
115
Calculate the remainder when 412 is divided by 70.
62
Calculate the remainder when 8119 is divided by 203.
202
Calculate the remainder when 95 is divided by 51.
44
Calculate the remainder when 59 is divided by 21.
17
Calculate the remainder when 315 is divided by 107.
101
Calculate the remainder when 25 is divided by 14.
11
Calculate the remainder when 1176 is divided by 581.
14
What is the remainder when 668 is divided by 67?
65
What is the remainder when 906 is divided by 447?
12
Calculate the remainder when 223 is divided by 7.
6
What is the remainder when 18 is divided by 13?
5
What is the remainder when 1447 is divided by 29?
26
What is the remainder when 2894 is divided by 42?
38
What is the remainder when 144 is divided by 62?
20
Calculate the remainder when 1509 is divided by 27.
24
Calculate the remainder when 222 is divided by 75.
72
Calculate the remainder when 124 is divided by 58.
8
Calculate the remainder when 892 is divided by 179.
176
What is the remainder when 712 is divided by 31?
30
Calculate the remainder when 483 is divided by 71.
57
Calculate the remainder when 136 is divided by 10.
6
Calculate the remainder when 388 is divided by 30.
28
Calculate the remainder when 330 is divided by 38.
26
Calculate the remainder when 1248 is divided by 64.
32
What is the remainder when 411 is divided by 111?
78
What is the remainder when 565 is divided by 142?
139
What is the remainder when 8070 is divided by 39?
36
What is the remainder when 35 is divided by 13?
9
Calculate the remainder when 113 is divided by 11.
3
What is the remainder when 391 is divided by 124?
19
What is the remainder when 178 is divided by 50?
28
What is the remainder when 10372 is divided by 42?
40
Calculate the remainder when 1367 is divided by 134.
27
Calculate the remainder when 348 is divided by 76.
44
What is the remainder when 131 is divided by 15?
11
What is the remainder when 3654 is divided by 1822?
10
What is the remainder when 218 is divided by 55?
53
Calculate the remainder when 126 is divided by 45.
36
Calculate the remainder when 473 is divided by 107.
45
What is the remainder when 2356 is divided by 103?
90
Calculate the remainder when 737 is divided by 14.
9
Calculate the remainder when 979 is divided by 49.
48
What is the remainder when 50 is divided by 13?
11
What is the remainder when 688 is divided by 33?
28
What is the remainder when 372 is divided by 17?
15
What is the remainder when 1691 is divided by 9?
8
Calculate the remainder when 83 is divided by 14.
13
Calculate the remainder when 586 is divided by 309.
277
What is the remainder when 1080 is divided by 47?
46
What is the remainder when 136 is divided by 75?
61
What is the remainder when 357 is divided by 77?
49
What is the remainder when 7148 is divided by 12?
8
Calculate the remainder when 151 is divided by 47.
10
Calculate the remainder when 397 is divided by 7.
5
What is the remainder when 56 is divided by 25?
6
What is the remainder when 355 is divided by 40?
35
Calculate the remainder when 336 is divided by 13.
11
What is the remainder when 46 is divided by 12?
10
What is the remainder when 148 is divided by 71?
6
What is the remainder when 81 is divided by 6?
3
Calculate the remainder when 215 is divided by 119.
96
Calculate the remainder when 587 is divided by 10.
7
What is the remainder when 921 is divided by 42?
39
Calculate the remainder when 217 is divided by 60.
37
What is the remainder when 104 is divided by 21?
20
What is the remainder when 42 is divided by 2?
0
What is the remainder when 53 is divided by 20?
13
Calculate the remainder when 79 is divided by 16.
15
Calculate the remainder when 261 is divided by 66.
63
Calculate the remainder when 1809 is divided by 54.
27
What is the remainder when 360 is divided by 55?
30
What is the remainder when 82 is divided by 28?
26
What is the remainder when 173 is divided by 89?
84
Calculate the remainder when 211 is divided by 117.
94
What is the remainder when 174 is divided by 94?
80
What is the remainder when 521 is divided by 273?
248
What is the remainder when 444 is divided by 51?
36
Calculate the remainder when 1117 is divided by 35.
32
Calculate the remainder when 1247 is divided by 138.
5
Calculate the remainder when 420 is divided by 9.
6
What is the remainder when 302 is 